{"id":677,"date":"2025-06-04T13:03:35","date_gmt":"2025-06-04T13:03:35","guid":{"rendered":"https:\/\/movinet.cl\/web\/?page_id=677"},"modified":"2025-06-04T17:49:19","modified_gmt":"2025-06-04T17:49:19","slug":"alarmas-de-intrusion","status":"publish","type":"page","link":"https:\/\/movinet.cl\/web\/alarmas-de-intrusion\/","title":{"rendered":"Alarmas de Intrusi\u00f3n"},"content":{"rendered":"\n<div class=\"wp-block-cover alignfull is-light\" style=\"padding-bottom:var(--wp--preset--spacing--50);padding-left:var(--wp--preset--spacing--60);min-height:800px;aspect-ratio:unset;\"><img loading=\"lazy\" decoding=\"async\" width=\"969\" height=\"637\" class=\"wp-block-cover__image-background wp-image-806 size-full\" alt=\"\" src=\"https:\/\/movinet.cl\/web\/wp-content\/uploads\/2025\/06\/alarma-1.png\" style=\"object-position:66% 100%\" data-object-fit=\"cover\" data-object-position=\"66% 100%\" srcset=\"https:\/\/movinet.cl\/web\/wp-content\/uploads\/2025\/06\/alarma-1.png 969w, https:\/\/movinet.cl\/web\/wp-content\/uploads\/2025\/06\/alarma-1-300x197.png 300w, https:\/\/movinet.cl\/web\/wp-content\/uploads\/2025\/06\/alarma-1-768x505.png 768w\" sizes=\"auto, (max-width: 969px) 100vw, 969px\" \/><span aria-hidden=\"true\" class=\"wp-block-cover__background has-background-dim-30 has-background-dim\" style=\"background-color:#959b99\"><\/span><div class=\"wp-block-cover__inner-container is-layout-flow wp-block-cover-is-layout-flow\">\n<h1 class=\"wp-block-heading has-neve-link-color-color has-text-color\" style=\"padding-top:30px;padding-bottom:200px;font-size:75px;text-transform:capitalize\">Alarmas <br>Intrusi\u00f3n<\/h1>\n\n\n\n<p class=\"has-neve-text-color-color has-text-color has-link-color wp-elements-324b67d3ccdcab5251e543b50296d258\" style=\"padding-top:var(--wp--preset--spacing--30);padding-bottom:var(--wp--preset--spacing--60);font-size:20px;letter-spacing:0.2px;text-transform:uppercase\">proteja su hogar o negocio<br>contra ingresos indeseados y robos!<\/p>\n\n\n\n<div class=\"wp-block-buttons is-layout-flex wp-block-buttons-is-layout-flex\" style=\"padding-bottom:var(--wp--preset--spacing--70)\">\n<div class=\"wp-block-button is-style-primary\"><a class=\"wp-block-button__link wp-element-button\" href=\"https:\/\/movinet.cl\/web\/?page_id=9\" style=\"border-radius:10px;padding-top:17px;padding-bottom:17px\">Contactenos!<\/a><\/div>\n<\/div>\n<\/div><\/div>\n\n\n\n<div class=\"wp-block-cover\" style=\"padding-top:var(--wp--preset--spacing--50)\"><span aria-hidden=\"true\" class=\"wp-block-cover__background has-nv-light-bg-background-color has-background-dim-100 has-background-dim\"><\/span><div class=\"wp-block-cover__inner-container is-layout-constrained wp-block-cover-is-layout-constrained\">\n<div class=\"wp-block-columns is-layout-flex wp-container-core-columns-is-layout-9d6595d7 wp-block-columns-is-layout-flex\" style=\"border-style:none;border-width:0px\">\n<div class=\"wp-block-column is-vertically-aligned-center has-border-color has-nv-light-bg-border-color is-layout-flow wp-block-column-is-layout-flow\" style=\"border-width:36px;padding-top:var(--wp--preset--spacing--20);font-size:16px;flex-basis:50%\">\n<div class=\"wp-block-group is-vertical is-content-justification-left is-layout-flex wp-container-core-group-is-layout-c0ca7d81 wp-block-group-is-layout-flex\">\n<h3 class=\"wp-block-heading has-text-align-center has-neve-text-color-color has-text-color has-link-color wp-elements-67e5a3691d7dc66d624edbff446ea1d1\" style=\"padding-bottom:var(--wp--preset--spacing--60)\">Con nuestros sistemas, podr\u00e1 estar tranquilo, su hogar o negocio estar\u00e1n resguardados.<\/h3>\n\n\n\n<p class=\"has-neve-text-color-color has-text-color has-link-color;\">Los sistemas de alarma que ofrecemos cuentan con lo ultimo en tecnolog\u00eda, permiti\u00e9ndole proteger su hogar o negocio las 24 horas, permiti\u00e9ndole recibir avisos en caso de cualquier intrusi\u00f3n, posible robo o da\u00f1o a su propiedad.<\/p>\n<\/div>\n<\/div>\n\n\n\n<div class=\"wp-block-column is-vertically-aligned-top is-layout-flow wp-block-column-is-layout-flow\"><div class=\"wp-block-image\">\n<figure class=\"aligncenter size-full is-resized\"><img loading=\"lazy\" decoding=\"async\" width=\"1000\" height=\"1000\" src=\"https:\/\/movinet.cl\/web\/wp-content\/uploads\/2025\/06\/alarma-3.jpg\" alt=\"\" class=\"wp-image-810\" style=\"object-fit:contain;width:600px;height:600px\" srcset=\"https:\/\/movinet.cl\/web\/wp-content\/uploads\/2025\/06\/alarma-3.jpg 1000w, https:\/\/movinet.cl\/web\/wp-content\/uploads\/2025\/06\/alarma-3-300x300.jpg 300w, https:\/\/movinet.cl\/web\/wp-content\/uploads\/2025\/06\/alarma-3-150x150.jpg 150w, https:\/\/movinet.cl\/web\/wp-content\/uploads\/2025\/06\/alarma-3-768x768.jpg 768w\" sizes=\"auto, (max-width: 1000px) 100vw, 1000px\" \/><\/figure>\n<\/div><\/div>\n<\/div>\n<\/div><\/div>\n\n\n\n<div style=\"height:40px\" aria-hidden=\"true\" class=\"wp-block-spacer is-style-wide\"><\/div>\n\n\n\n<div class=\"wp-block-cover\" style=\"padding-bottom:var(--wp--preset--spacing--50)\"><span aria-hidden=\"true\" class=\"wp-block-cover__background has-nv-light-bg-background-color has-background-dim-100 has-background-dim\"><\/span><div class=\"wp-block-cover__inner-container is-layout-constrained wp-block-cover-is-layout-constrained\">\n<div class=\"wp-block-columns is-layout-flex wp-container-core-columns-is-layout-9d6595d7 wp-block-columns-is-layout-flex\">\n<div class=\"wp-block-column is-vertically-aligned-stretch is-layout-flow wp-block-column-is-layout-flow\" style=\"padding-left:0\"><div class=\"wp-block-image\">\n<figure class=\"aligncenter size-full is-resized\"><img loading=\"lazy\" decoding=\"async\" width=\"781\" height=\"683\" src=\"https:\/\/movinet.cl\/web\/wp-content\/uploads\/2025\/06\/alarma-2.png\" alt=\"\" class=\"wp-image-814\" style=\"object-fit:contain;width:500px;height:500px\" srcset=\"https:\/\/movinet.cl\/web\/wp-content\/uploads\/2025\/06\/alarma-2.png 781w, https:\/\/movinet.cl\/web\/wp-content\/uploads\/2025\/06\/alarma-2-300x262.png 300w, https:\/\/movinet.cl\/web\/wp-content\/uploads\/2025\/06\/alarma-2-768x672.png 768w\" sizes=\"auto, (max-width: 781px) 100vw, 781px\" \/><\/figure>\n<\/div><\/div>\n\n\n\n<div class=\"wp-block-column is-vertically-aligned-center has-border-color has-nv-light-bg-border-color is-layout-flow wp-block-column-is-layout-flow\" style=\"border-width:36px;padding-top:var(--wp--preset--spacing--20);font-size:16px;flex-basis:50%\">\n<div class=\"wp-block-group is-vertical is-layout-flex wp-container-core-group-is-layout-8cf370e7 wp-block-group-is-layout-flex\">\n<h3 class=\"wp-block-heading has-text-align-center has-neve-text-color-color has-text-color has-link-color wp-elements-60763e5172c29d69cb94e5cfad63a2a5\" style=\"padding-bottom:var(--wp--preset--spacing--60)\">Equipos de la mejor calidad, capaces de expandirse a mas y mejorar sus funciones.<\/h3>\n\n\n\n<p><\/p>\n\n\n\n<p class=\"has-neve-text-color-color has-text-color has-link-color;\">Ofrecemos sistemas de alarma de intrusi\u00f3n confiables, f\u00e1ciles de usar y adaptados a las necesidades reales de cada propiedad, sin complicaciones ni costos ocultos. Equipos cableados, inal\u00e1mbricos o h\u00edbridos, con compatibilidad garantizada y soporte t\u00e9cnico incluido. Cumplen con la normativa vigente, son f\u00e1ciles de mantener y est\u00e1n dise\u00f1ados para detectar y responder con eficacia ante cualquier intento de intrusi\u00f3n.<\/p>\n<\/div>\n<\/div>\n<\/div>\n<\/div><\/div>\n","protected":false},"excerpt":{"rendered":"","protected":false},"author":1,"featured_media":0,"parent":0,"menu_order":0,"comment_status":"closed","ping_status":"closed","template":"","meta":{"neve_meta_sidebar":"","neve_meta_container":"","neve_meta_enable_content_width":"","neve_meta_content_width":0,"neve_meta_title_alignment":"","neve_meta_author_avatar":"","neve_post_elements_order":"","neve_meta_disable_header":"","neve_meta_disable_footer":"","neve_meta_disable_title":"on","footnotes":""},"class_list":["post-677","page","type-page","status-publish","hentry"],"_links":{"self":[{"href":"https:\/\/movinet.cl\/web\/wp-json\/wp\/v2\/pages\/677","targetHints":{"allow":["GET"]}}],"collection":[{"href":"https:\/\/movinet.cl\/web\/wp-json\/wp\/v2\/pages"}],"about":[{"href":"https:\/\/movinet.cl\/web\/wp-json\/wp\/v2\/types\/page"}],"author":[{"embeddable":true,"href":"https:\/\/movinet.cl\/web\/wp-json\/wp\/v2\/users\/1"}],"replies":[{"embeddable":true,"href":"https:\/\/movinet.cl\/web\/wp-json\/wp\/v2\/comments?post=677"}],"version-history":[{"count":16,"href":"https:\/\/movinet.cl\/web\/wp-json\/wp\/v2\/pages\/677\/revisions"}],"predecessor-version":[{"id":824,"href":"https:\/\/movinet.cl\/web\/wp-json\/wp\/v2\/pages\/677\/revisions\/824"}],"wp:attachment":[{"href":"https:\/\/movinet.cl\/web\/wp-json\/wp\/v2\/media?parent=677"}],"curies":[{"name":"wp","href":"https:\/\/api.w.org\/{rel}","templated":true}]}}