{"id":426,"date":"2025-06-02T21:19:59","date_gmt":"2025-06-02T21:19:59","guid":{"rendered":"https:\/\/movinet.cl\/web\/?page_id=426"},"modified":"2025-06-06T17:58:30","modified_gmt":"2025-06-06T17:58:30","slug":"videovigilancia","status":"publish","type":"page","link":"https:\/\/movinet.cl\/web\/videovigilancia\/","title":{"rendered":"Videovigilancia"},"content":{"rendered":"\n<div class=\"wp-block-cover alignfull is-light\" style=\"padding-bottom:var(--wp--preset--spacing--50);padding-left:var(--wp--preset--spacing--60);min-height:800px;aspect-ratio:unset;\"><img loading=\"lazy\" decoding=\"async\" width=\"1398\" height=\"598\" class=\"wp-block-cover__image-background wp-image-100 size-full\" alt=\"\" src=\"https:\/\/movinet.cl\/web\/wp-content\/uploads\/2025\/05\/slider-01.jpg\" data-object-fit=\"cover\" srcset=\"https:\/\/movinet.cl\/web\/wp-content\/uploads\/2025\/05\/slider-01.jpg 1398w, https:\/\/movinet.cl\/web\/wp-content\/uploads\/2025\/05\/slider-01-300x128.jpg 300w, https:\/\/movinet.cl\/web\/wp-content\/uploads\/2025\/05\/slider-01-1024x438.jpg 1024w, https:\/\/movinet.cl\/web\/wp-content\/uploads\/2025\/05\/slider-01-768x329.jpg 768w\" sizes=\"auto, (max-width: 1398px) 100vw, 1398px\" \/><span aria-hidden=\"true\" class=\"wp-block-cover__background has-background-dim\" style=\"background-color:#909194\"><\/span><div class=\"wp-block-cover__inner-container is-layout-flow wp-block-cover-is-layout-flow\">\n<h1 class=\"wp-block-heading alignfull has-neve-link-color-color has-text-color\" style=\"padding-top:30px;padding-bottom:200px;font-size:75px;text-transform:capitalize\"> <strong>Video<\/strong><br> <strong>vigilancia<\/strong><\/h1>\n\n\n\n<p class=\"has-nv-site-bg-color has-text-color has-link-color wp-elements-75e14084ceeb394ffa02f1771e638672\" style=\"padding-top:var(--wp--preset--spacing--30);padding-bottom:var(--wp--preset--spacing--60);font-size:20px;letter-spacing:0.2px;text-transform:uppercase\">Instale videovigilancia y proteja su hogar o negocio siempre!<\/p>\n\n\n\n<div class=\"wp-block-buttons is-content-justification-center is-layout-flex wp-container-core-buttons-is-layout-b3617a60 wp-block-buttons-is-layout-flex\" style=\"padding-right:42%;padding-bottom:var(--wp--preset--spacing--70)\">\n<div class=\"wp-block-button is-style-primary\"><a class=\"wp-block-button__link wp-element-button\" href=\"https:\/\/movinet.cl\/web\/?page_id=9\" style=\"border-radius:10px;padding-top:17px;padding-bottom:17px\">Contactenos!<\/a><\/div>\n<\/div>\n<\/div><\/div>\n\n\n\n<div class=\"wp-block-cover\"><span aria-hidden=\"true\" class=\"wp-block-cover__background has-nv-light-bg-background-color has-background-dim-100 has-background-dim\"><\/span><div class=\"wp-block-cover__inner-container is-layout-constrained wp-block-cover-is-layout-constrained\">\n<div class=\"wp-block-columns is-layout-flex wp-container-core-columns-is-layout-9d6595d7 wp-block-columns-is-layout-flex\">\n<div class=\"wp-block-column is-vertically-aligned-center has-border-color has-nv-light-bg-border-color is-layout-flow wp-block-column-is-layout-flow\" style=\"border-width:36px;padding-top:var(--wp--preset--spacing--20);font-size:16px;flex-basis:50%\">\n<div class=\"wp-block-group is-vertical is-layout-flex wp-container-core-group-is-layout-8cf370e7 wp-block-group-is-layout-flex\">\n<h3 class=\"wp-block-heading has-text-align-center has-neve-text-color-color has-text-color has-link-color wp-elements-1c8c7433b6f9b1fe6ed83f861d9d6646\" style=\"padding-bottom:var(--wp--preset--spacing--60)\">Vigilancia Inteligente para Hogares, Negocios y Empresas.<\/h3>\n\n\n\n<p class=\"has-neve-text-color-color has-text-color has-link-color;\">Instalamos c\u00e1maras de seguridad con lo ultimo en tecnolog\u00eda de inteligencia artificial, para que pueda proteger su hogar o negocio las 24 horas, permiti\u00e9ndole monitorear en tiempo real o revisar las grabaciones desde su celular o cualquier dispositivo inteligente.<\/p>\n<\/div>\n<\/div>\n\n\n\n<div class=\"wp-block-column is-layout-flow wp-block-column-is-layout-flow\">\n<figure class=\"wp-block-image size-full\"><img loading=\"lazy\" decoding=\"async\" width=\"2560\" height=\"1700\" src=\"https:\/\/movinet.cl\/web\/wp-content\/uploads\/2025\/05\/camera-12-scaled.jpg\" alt=\"\" class=\"wp-image-70\" style=\"aspect-ratio:4\/3;object-fit:contain\" srcset=\"https:\/\/movinet.cl\/web\/wp-content\/uploads\/2025\/05\/camera-12-scaled.jpg 2560w, https:\/\/movinet.cl\/web\/wp-content\/uploads\/2025\/05\/camera-12-300x199.jpg 300w, https:\/\/movinet.cl\/web\/wp-content\/uploads\/2025\/05\/camera-12-1024x680.jpg 1024w, https:\/\/movinet.cl\/web\/wp-content\/uploads\/2025\/05\/camera-12-768x510.jpg 768w, https:\/\/movinet.cl\/web\/wp-content\/uploads\/2025\/05\/camera-12-1536x1020.jpg 1536w, https:\/\/movinet.cl\/web\/wp-content\/uploads\/2025\/05\/camera-12-2048x1360.jpg 2048w\" sizes=\"auto, (max-width: 2560px) 100vw, 2560px\" \/><\/figure>\n<\/div>\n<\/div>\n<\/div><\/div>\n\n\n\n<div style=\"height:40px\" aria-hidden=\"true\" class=\"wp-block-spacer is-style-wide\"><\/div>\n\n\n\n<div class=\"wp-block-cover\" style=\"padding-left:var(--wp--preset--spacing--40)\"><span aria-hidden=\"true\" class=\"wp-block-cover__background has-nv-light-bg-background-color has-background-dim-100 has-background-dim\"><\/span><div class=\"wp-block-cover__inner-container is-layout-constrained wp-container-core-cover-is-layout-733efe80 wp-block-cover-is-layout-constrained\">\n<div class=\"wp-block-columns is-layout-flex wp-container-core-columns-is-layout-9d6595d7 wp-block-columns-is-layout-flex\">\n<div class=\"wp-block-column is-vertically-aligned-stretch is-layout-flow wp-block-column-is-layout-flow\" style=\"padding-left:0\"><div class=\"wp-block-image\">\n<figure class=\"alignleft size-full\"><img loading=\"lazy\" decoding=\"async\" width=\"1024\" height=\"682\" src=\"https:\/\/movinet.cl\/web\/wp-content\/uploads\/2025\/06\/camera-3-1.jpeg\" alt=\"\" class=\"wp-image-695\" srcset=\"https:\/\/movinet.cl\/web\/wp-content\/uploads\/2025\/06\/camera-3-1.jpeg 1024w, https:\/\/movinet.cl\/web\/wp-content\/uploads\/2025\/06\/camera-3-1-300x200.jpeg 300w, https:\/\/movinet.cl\/web\/wp-content\/uploads\/2025\/06\/camera-3-1-768x512.jpeg 768w, https:\/\/movinet.cl\/web\/wp-content\/uploads\/2025\/06\/camera-3-1-930x620.jpeg 930w\" sizes=\"auto, (max-width: 1024px) 100vw, 1024px\" \/><\/figure>\n<\/div><\/div>\n\n\n\n<div class=\"wp-block-column is-vertically-aligned-center has-border-color has-nv-light-bg-border-color is-layout-flow wp-block-column-is-layout-flow\" style=\"border-width:36px;padding-top:var(--wp--preset--spacing--20);font-size:16px;flex-basis:50%\">\n<div class=\"wp-block-group is-vertical is-layout-flex wp-container-core-group-is-layout-8cf370e7 wp-block-group-is-layout-flex\">\n<h3 class=\"wp-block-heading has-text-align-center has-neve-text-color-color has-text-color has-link-color wp-elements-634f9b0ff5e3953cbafb7169b613b024\" style=\"padding-bottom:var(--wp--preset--spacing--60)\">C\u00e1maras potenciadas con Inteligencia Artificial<\/h3>\n\n\n\n<p class=\"has-neve-text-color-color has-text-color has-link-color;\">Las c\u00e1maras de seguridad modernas incorporan sistemas de inteligencia artificial, lo que les permite detectar movimientos sospechosos, reconocer rostros y generar alertas o notificar en tiempo real. Estos sistemas ofrecen monitoreo remoto y almacenamiento seguro; optimizando costos y mejorando la protecci\u00f3n de hogares y negocios.<\/p>\n<\/div>\n<\/div>\n<\/div>\n<\/div><\/div>\n","protected":false},"excerpt":{"rendered":"","protected":false},"author":1,"featured_media":0,"parent":0,"menu_order":0,"comment_status":"closed","ping_status":"closed","template":"","meta":{"neve_meta_sidebar":"","neve_meta_container":"","neve_meta_enable_content_width":"off","neve_meta_content_width":70,"neve_meta_title_alignment":"left","neve_meta_author_avatar":"","neve_post_elements_order":"","neve_meta_disable_header":"","neve_meta_disable_footer":"","neve_meta_disable_title":"on","footnotes":""},"class_list":["post-426","page","type-page","status-publish","hentry"],"_links":{"self":[{"href":"https:\/\/movinet.cl\/web\/wp-json\/wp\/v2\/pages\/426","targetHints":{"allow":["GET"]}}],"collection":[{"href":"https:\/\/movinet.cl\/web\/wp-json\/wp\/v2\/pages"}],"about":[{"href":"https:\/\/movinet.cl\/web\/wp-json\/wp\/v2\/types\/page"}],"author":[{"embeddable":true,"href":"https:\/\/movinet.cl\/web\/wp-json\/wp\/v2\/users\/1"}],"replies":[{"embeddable":true,"href":"https:\/\/movinet.cl\/web\/wp-json\/wp\/v2\/comments?post=426"}],"version-history":[{"count":90,"href":"https:\/\/movinet.cl\/web\/wp-json\/wp\/v2\/pages\/426\/revisions"}],"predecessor-version":[{"id":931,"href":"https:\/\/movinet.cl\/web\/wp-json\/wp\/v2\/pages\/426\/revisions\/931"}],"wp:attachment":[{"href":"https:\/\/movinet.cl\/web\/wp-json\/wp\/v2\/media?parent=426"}],"curies":[{"name":"wp","href":"https:\/\/api.w.org\/{rel}","templated":true}]}}